 be (6 - 1) + -1*s. Suppose 3*g = -4*k + 16, 0*k + l*g = k - 23. What are the prime factors of k?
7
Let d be -2*(-1)/1 + 3. Suppose -d*m + 32 = -4*v - 8, -4*v + 32 = 4*m. List the prime factors of m.
2
Let h(w) = -4*w + 3 - 7 + 1. Let b be h(-2). Suppose -16 = -b*s - 6. What are the prime factors of s?
2
Suppose 3*n - 4*v = -2*v - 32, 3*n + 2*v + 28 = 0. Suppose 4 = 4*y + 2*h + 10, 0 = -2*y - 4*h. List the prime factors of (-145)/n + 1/y.
2, 7
Suppose -u = 4*m + 6, 6*u - 20 = 2*u - 5*m. Suppose 7*v - 2 = 208. Suppose -4*r - u + v = 0. List the prime factors of r.
5
Suppose h + 12 - 36 = 0. Suppose -4*d = -2*u - 106, 0 = -0*d - d + 3*u + h. What are the prime factors of d?
3
Let f be ((-3)/2)/(3/(-4)). Suppose 2*s = j - 2*j + 14, -4 = -f*j + 2*s. List the prime factors of j/(-4)*28/(-6).
7
Suppose -2*h = -5*w - 35, -h + 2*w = -3*h. What are the prime factors of h?
5
Suppose 5*p - 1 = -6. Let y = -5 + p. List the prime factors of (4/y)/(2/(-36)).
2, 3
Let h = -146 + 510. What are the prime factors of h?
2, 7, 13
Let k be (2 - 1 - -2)*-1. Let m = 5 + k. Suppose -3*q = -l + 20, 0 = 3*q + 7 + m. List the prime factors of l.
11
Let s = -25 + 67. List the prime factors of s.
2, 3, 7
Suppose -5*u + 3*t + 124 = 0, -3*t + 6 = -0*t. What are the prime factors of u?
2, 13
Let l be (-4)/18 + (-14)/18. What are the prime factors of -2*(-1 - (l + 1))?
2
Let l(w) = w**2 + 8*w - 1. Let j(a) = -a**2 - 9*a + 1. Let t(p) = -3*j(p) - 4*l(p). Let m be t(-4). Suppose 3*d = m*d - 30. What are the prime factors of d?
3, 5
Let m(s) = -15*s + 1. Let h be m(-1). Let q be 6/27 - h/(-9). Suppose q*z + 2*z + 2*f = 38, 0 = 4*f + 12. What are the prime factors of z?
11
Let t(g) = g**2 - 10*g + 3. Let i = 93 + -53. Suppose 3*o = -o + i. What are the prime factors of t(o)?
3
Let j be ((-2)/4)/(1/(-50)). Let h = 35 - j. Let w = 14 - h. List the prime factors of w.
2
Let b be (-80 + 0)*12/(-10). Suppose b + 4 = 5*r. What are the prime factors of r?
2, 5
Suppose 12 = -4*m - 64. Let c = 47 + m. What are the prime factors of c?
2, 7
Let m = 12 + -27. Let k = -11 - m. List the prime factors of k.
2
Suppose -1 + 7 = 2*m. List the prime factors of m + 5*(-2)/(-5).
5
Let a(q) = q + 5. Let z be a(-5). Let c be z/((1 + 2)*-1). Suppose -12 = -3*t - c. List the prime factors of t.
2
Suppose 5*w = -2*c - 68, -3*c - 2*c - w = 124. What are the prime factors of 1 - 3 - (c - 5)?
3
Suppose 0 = x + 3*s + 18, -13 - 20 = 3*x + 2*s. Let b = x + 16. List the prime factors of b.
7
Let n be 0/(-1) - 0/2. Suppose d - 3*x + x - 10 = n, -4*x - 26 = -5*d. Suppose -3*o + 5 = -d*o, 3*m = 3*o. List the prime factors of m.
5
Let o(z) be the second derivative of -z**5/20 + z**4/2 + 5*z**3/3 - 5*z**2/2 + 2*z. List the prime factors of o(7).
2
Let l(m) = -m + 2. Let z be l(-6). Let g be (-6)/z + (-15)/(-4). Suppose 4*w - x = 14, 3*w = -g*x + x + 16. What are the prime factors of w?
2
Let n(m) = -m**2 - 6*m - 6. Let h be n(-4). Let i be 1/(-1 + (-2)/(-3)). What are the prime factors of 27/h*(-2)/i?
3
Let a = 7 + 13. Let q = a - 9. List the prime factors of q - 1/(2/(-2)).
2, 3
Let r = 40 - 19. List the prime factors of r.
3, 7
Let y = 35 - 23. What are the prime factors of y?
2, 3
Let m(y) = 2*y**2 - y + 2. Let q be m(-2). What are the prime factors of q*(-4)/(-24)*3?
2, 3
Let x(d) = -d**3 + 6*d**2 - 7*d + 9. What are the prime factors of x(4)?
13
Suppose 0 = -v - 0*v + 7. Suppose r - t - 15 = 0, 3*t = 3*r - v*r + 32. Let x = r + -1. List the prime factors of x.
2, 5
Let j = 17 - 12. What are the prime factors of (4 - j) + 117/3?
2, 19
Let a(r) = -r**2 + 17*r - 5. What are the prime factors of a(8)?
67
Let i(z) = -5 - 5*z + 2*z - 2*z - z. List the prime factors of i(-4).
19
Let c(o) = o**3 + 8*o**2 - o - 1. Let f be c(-8). Suppose 2*q = f*q + 35. Let i = 5 - q. List the prime factors of i.
2, 3
Suppose -12 = -4*m - 2*k - 0, 2*m - 12 = -4*k. Suppose -1 + 5 = m*d + o, -2*d + 10 = -2*o. What are the prime factors of d?
3
Let h = 1 + 3. Let o(d) = 7*d + 3. List the prime factors of o(h).
31
Suppose 2*d = -d + 300. Let c(x) = x - 6. Let i be c(8). Suppose 3*v = -12, d = 3*p + i*p - 5*v. What are the prime factors of p?
2
Let y(q) = -q**2 + 13*q + 1. Let l be y(13). What are the prime factors of ((-2)/l)/(14/(-35))?
5
Suppose 3*z + 1 = -4*h, 2*z - 5*h - 35 = -z. Suppose -23 = -2*d + z*u, 2*d + 0*u - 14 = -4*u. List the prime factors of d.
3
Let d(k) be the second derivative of k**4/6 - k**3/3 - k**2/2 + 3*k. What are the prime factors of d(3)?
11
Let y be 0*-2*(-4)/(-8). Let p(a) = -a + 6. What are the prime factors of p(y)?
2, 3
Suppose -c = -h - 2, 2*c + 5*h - 7 + 24 = 0. Let w be ((-2)/(-1) - 4) + -4. List the prime factors of (w/(-3))/2 - c.
2
Let k(d) = d**2 - 3*d + 1. What are the prime factors of k(8)?
41
List the prime factors of (18/4)/(18/540).
3, 5
Suppose 52 = 3*u - 86. What are the prime factors of u?
2, 23
Let z be (1 + -4 + 2)*3. Let q(w) = -w. Let v be q(z). Suppose -5*k = 3*l - 16, -20 - 28 = -v*l + 3*k. List the prime factors of l.
2, 3
Suppose -6*r + 69 = -129. What are the prime factors of r?
3, 11
Let g(d) = 3*d - 4. Let p be g(3). Let x be (p/(-2))/((-3)/6). Suppose -x*z - 66 = -4*b, -26 - 8 = -2*b + 3*z. What are the prime factors of b?
2, 7
Let a(s) = -2*s + 13. Let p = -33 + 24. List the prime factors of a(p).
31
List the prime factors of (-1318)/(-10) - (-6)/30.
2, 3, 11
What are the prime factors of (-4 - -2)*1 - -9?
7
Let h(v) = -v**3 + 2*v**2 + 4*v - 3. Let r be h(3). Suppose 3*u - 6*u + 48 = r. What are the prime factors of u?
2
Let x(h) = -7*h**2 - h + 1. Let c be x(1). Let i = -4 - c. What are the prime factors of i?
3
Suppose y + 4*y + 5 = 4*p, 4*p = -3*y - 3. Let x = y - 5. Let l = 11 + x. List the prime factors of l.
5
Let c(h) = -h**2 + 2. Let m be c(0). Suppose -o = -m*v + 37, -2*o + 7*o = 2*v - 41. What are the prime factors of v?
2, 3
Let u(a) = a**3 + 2*a**2 - 3*a + 3. Let h be u(-3). Suppose 0 = -p - r + 27, 2*p - h*r - 34 = -r. List the prime factors of p.
2, 11
Let f = -13 + 5. List the prime factors of (-1)/(10/f + 1).
2
Let r = -145 + 83. Let d = r + 100. What are the prime factors of d?
2, 19
Let w(f) = 2 - 4*f - f**3 + 0*f + 4*f**2 + 3*f. List the prime factors of w(3).
2
Let f(x) = x + 5. Let j be f(-5). Let u = 1 + j. Let m(i) = 5*i - 1. List the prime factors of m(u).
2
Suppose -1 = 2*i - 3*i. Suppose f = 4 - i. Suppose -f*u = 2*l + 2, 3*u + u + 12 = -5*l. List the prime factors of u.
2
Let r(i) = i**3 - 8*i**2 + 6*i + 9. Let l be r(7). Suppose 0 = l*u - u - 2. What are the prime factors of u?
2
Let x(p) = p + 1. Let o be x(-5). Let d = 0 - o. List the prime factors of d.
2
Suppose 23 = z - w + 3*w, 2*w - 4 = 0. List the prime factors of z.
19
Let h(o) = -o**3 - 8*o**2 + 3*o - 19. List the prime factors of h(-9).
5, 7
Let u = -13 + 10. Let b = u + 7. What are the prime factors of b?
2
Suppose -3*a - 3*l + 303 = 0, 5*a = 3*a + 5*l + 181. What are the prime factors of a?
2, 7
Suppose 6*i - 11*i = -180. List the prime factors of i.
2, 3
Let g = 5 + 10. Let b = g + -5. List the prime factors of b.
2, 5
Suppose 0 = -5*i + 5*b + 6 - 91, 0 = 5*b - 25. What are the prime factors of (8/i)/(2/(-27))?
3
Let s = 165 - 108. What are the prime factors of s?
3, 19
Let o(f) = f**2 - 9*f + 8. Let u be o(8). Let j be -1 + 0 - u - -2. What are the prime factors of j + 0 + (1 - -6)?
2
Let v(q) be the second derivative of 9*q**5/20 + q**4/6 - q**2/2 - q. List the prime factors of v(1).
2, 5
Let o(a) = -a**2 + 4*a. Let t be o(4). Suppose t = -6*c + 2*c + 44. What are the prime factors of c?
11
Let k = 59 - 15. What are the prime factors of k?
2, 11
Suppose -k = -2*k + 25. Suppose -4*d = d - k. Suppose 0*f = -f - 2*l + 4, -d*f = -4*l - 34. List the prime factors of f.
2, 3
Let o = 18 - -35. List the prime factors of o.
53
Let j(h) = 22*h - 29. List the prime factors of j(6).
103
Let q(h) = -h**2 - 13*h - 1. Let w be q(-7). Let o = -28 + w. List the prime factors of o.
13
Let l(s) = -3*s**2 - 6*s - 9. Let b(q) = -4*q**2 - 6*q - 10. Let t(v) = 2*b(v) - 3*l(v). What are the prime factors of t(-6)?
7
List the prime factors of (-133)/(-2) + (-9)/6.
5, 13
Suppose 4*x - 73 = 23. Let r = -16 + x. List the prime factors of r.
2
Let i(a) = -2*a - 2. Let w be i(3). Let f(r) = r**3 + 9*r**2 + 6*r - 8